 composite number?
False
Is 21666607 a composite number?
True
Is 230300761 composite?
True
Is 37628663 a prime number?
True
Is 22078939 a composite number?
False
Is 464843 a prime number?
True
Is 14247553 a prime number?
False
Is 525104583 a composite number?
True
Is 8399857 a composite number?
True
Is 4459435 prime?
False
Is 89312449 a composite number?
False
Is 172648642 prime?
False
Is 32892037 prime?
False
Is 19698559 a prime number?
True
Is 21374687 a prime number?
True
Is 106163 prime?
True
Is 1391197 composite?
True
Is 266144507 composite?
False
Is 2186189 a prime number?
True
Is 78113557 prime?
False
Is 313178057 composite?
False
Is 3682817 a prime number?
True
Is 2126563737 composite?
True
Is 1242587 composite?
True
Is 94739011 a composite number?
True
Is 161423137 a composite number?
False
Is 71311 composite?
True
Is 255811663 composite?
False
Is 116618821 a prime number?
False
Is 63580711 composite?
False
Is 722333 composite?
False
Is 35224261 prime?
True
Is 77433401 prime?
True
Is 120191969 a composite number?
True
Is 324906178 a composite number?
True
Is 102303683 a composite number?
False
Is 381909667 a composite number?
False
Is 8011621 a composite number?
False
Is 38748167 prime?
True
Is 72610567 composite?
False
Is 1130677 prime?
True
Is 482747699 prime?
False
Is 2598687319 prime?
True
Is 9329759 prime?
True
Is 172812481 composite?
False
Is 27836407 a composite number?
True
Is 8015703 prime?
False
Is 50662639 a prime number?
False
Is 258459221 prime?
True
Is 173056407 a composite number?
True
Is 115015777 a prime number?
False
Is 11713991 composite?
False
Is 119833145 composite?
True
Is 37579051 composite?
False
Is 3122209 a prime number?
False
Is 95029141 prime?
False
Is 26558087 composite?
False
Is 4226503 a composite number?
True
Is 15197849 composite?
False
Is 14916821 a composite number?
False
Is 21465061 a composite number?
False
Is 933995 composite?
True
Is 63123157 composite?
True
Is 125131037 composite?
False
Is 79988393 prime?
True
Is 15923179 composite?
False
Is 586783 prime?
False
Is 1235719 a composite number?
True
Is 3796883 composite?
True
Is 604925333 a prime number?
False
Is 2875595 composite?
True
Is 13621723 prime?
True
Is 1178179 composite?
True
Is 1457633663 composite?
True
Is 10950359 a prime number?
False
Is 803867 composite?
False
Is 33897431 composite?
False
Is 44873623 prime?
True
Is 1577621 prime?
False
Is 3984077 a composite number?
True
Is 780498731 prime?
True
Is 193105673 prime?
True
Is 35799529 prime?
True
Is 43260109 composite?
False
Is 2189731 prime?
False
Is 1419107 a prime number?
False
Is 173794129 composite?
True
Is 2512711 composite?
True
Is 169771271 prime?
False
Is 1743737 composite?
False
Is 12999769 prime?
False
Is 2545121 prime?
False
Is 4134029 prime?
False
Is 26473691 a composite number?
False
Is 871531 a composite number?
False
Is 3385253 composite?
False
Is 93553969 prime?
False
Is 39923287 composite?
False
Is 10502941 a prime number?
False
Is 48255769 a composite number?
False
Is 157490563 prime?
False
Is 813509 a prime number?
False
Is 11786609 a prime number?
False
Is 29511077 composite?
True
Is 7608203 prime?
False
Is 1767569 composite?
False
Is 16858711 a prime number?
False
Is 2791559 prime?
True
Is 2043753 composite?
True
Is 52104293 composite?
False
Is 16294061 a composite number?
True
Is 108069209 prime?
True
Is 70585721 composite?
False
Is 3383299 a prime number?
False
Is 63717835 a prime number?
False
Is 1289761 prime?
False
Is 1993067 a composite number?
False
Is 514922277 a composite number?
True
Is 1360273 a composite number?
True
Is 34775311 a composite number?
False
Is 196552379 a composite number?
False
Is 148386977 composite?
True
Is 2483345 prime?
False
Is 39031571 a prime number?
True
Is 4961323 composite?
False
Is 346431853 composite?
False
Is 1294753 a composite number?
False
Is 3803131 a composite number?
False
Is 112229179 composite?
True
Is 492941 composite?
True
Is 1400449 prime?
True
Is 203327777 a composite number?
True
Is 117532219 composite?
True
Is 107547317 composite?
True
Is 73166239 prime?
False
Is 1216679 prime?
False
Is 75604739 a composite number?
True
Is 979819907 a prime number?
False
Is 7358833 composite?
True
Is 52772971 a composite number?
True
Is 527124098 a prime number?
False
Is 890927 a prime number?
True
Is 930653 prime?
True
Is 1166213 prime?
True
Is 2767157 a composite number?
False
Is 13493417 prime?
False
Is 213740903 a composite number?
False
Is 241557509 prime?
False
Is 1638057271 prime?
True
Is 2720671 prime?
True
Is 441032005 composite?
True
Is 19580401 composite?
False
Is 120897809 prime?
True
Is 12327317 a prime number?
True
Is 4185449 a composite number?
False
Is 679287083 a prime number?
False
Is 559224317 a composite number?
False
Is 7576931 prime?
True
Is 127039 a prime number?
False
Is 35300009 prime?
False
Is 26623469 a composite number?
True
Is 308065661 prime?
True
Is 32563931 a prime number?
True
Is 4555181 composite?
True
Is 6723901 a prime number?
True
Is 17812129 a composite number?
False
Is 12520813 a composite number?
True
Is 19176749 composite?
False
Is 7933517 prime?
False
Is 22802939 a composite number?
False
Is 65115371 composite?
False
Is 12769571 composite?
True
Is 207891995 prime?
False
Is 8797979 a prime number?
True
Is 568122623 a prime number?
False
Is 1705443 composite?
True
Is 1617947 prime?
False
Is 709399 prime?
False
Is 24730639 a prime number?
False
Is 4042673 a composite number?
False
Is 23868223 a composite number?
True
Is 590951387 prime?
False
Is 82254421 composite?
False
Is 12910351 a prime number?
True
Is 42749071 composite?
False
Is 186354593 prime?
False
Is 14556543 a composite number?
True
Is 70019693 a composite number?
True
Is 7723042 a composite number?
True
Is 86265373 a composite number?
False
Is 136638811 a composite number?
True
Is 16383229 a composite number?
False
Is 39619589 a prime number?
False
Is 26727721 a composite number?
True
Is 173120641 a composite number?
False
Is 55906703 a prime number?
True
Is 20437 a composite number?
True
Is 6273763 prime?
True
Is 138707323 composite?
True
Is 8270965 composite?
True
Is 4152559 composite?
True
Is 881029 composite?
False
Is 1605533 composite?
False
Is 2503547 composite?
True
Is 40348846 prime?
False
Is 1093687 composite?
True
Is 117945767 prime?
True
Is 14084179 a prime number?
True
Is 119344741 composite?
True
Is 36280553 a composite number?
False
Is 5932453 composite?
False
Is 7242557 composite?
True
Is 5016647 a composite number?
True
Is 1818034963 prime?
True
Is 66559579 composite?
False
Is 1114921 a prime number?
False
Is 3138889 prime?
False
Is 68590921 prime?
False
Is 174196481 prime?
False
Is 753622027 composite?
False
Is 105614479 composite?
True
Is 46885441 prime?
True
Is 11021611 a composite number?
False
Is 144886319 composite?
False
Is 98701873 prime?
False
Is 21408227 a composite number?
False
Is 30829573 prime?
True
Is 1601471 a composite number?
True
Is 11541457 a prime number?
False
Is 593428202 composite?
True
Is 381556723 prime?
True
Is 17669441 composite?
True
Is 264326269 prime?
True
Is 82399819 composite?
False
Is 3101141 a prime number?
True
Is 4065821 a prime number?
True
Is 88292593 composite?
False
Is 410021089 composite?
False
Is 190243 prime?
True
Is 2973331 a prime number?
True
Is 107200921 a composite number?
True
Is 3112237 a prime number?
True
Is 340312583 prime?
False
Is 13762235 composite?
True
Is 17273281 a prime number?
False
Is 7371571 composite?
False
Is 60537751 composite?
True
Is 57808103 a composite number?
False
Is 1312133 composite?
False
Is 104417 a composite number?
False
Is 86897339 a prime number?
False
Is 585461 composite?
False
Is 38356657 composite?
True
Is 9210497 a composite number?
True
Is 48208477 a composite number?
False
Is 84093323 composite?
True
Is 1389218 a prime number?
False
Is 1804199 composite?
False
Is 1554151 prime?
True
Is 128990363 a prime number?
True
Is 122392163 prime?
False
Is 15987611 composite?
False
Is 45513863 prime?
True
Is 6707677 prime?
True
Is 355439 composite?
True
Is 29532331 a prime number?
True
Is 87978593 a prime number?
True
Is 73064359 a prime number?
False
Is 27770521 composite?
False
Is 40622159 prime?
True
Is 30500222 a composite number